hat is k(z)?
-4
Let q(b) be the first derivative of -b**3/3 + 6*b**2 + 5*b - 2013. Give q(12).
5
Let p(d) = d - 2791 + 5579 - 2787 - 9*d. Determine p(-4).
33
Let z(v) = -772 - 806 + 259*v - 242*v + 1459. Determine z(9).
34
Let x(s) = s**2 + 10*s + 8. Let m(a) = -2*a**2 - 53*a - 8. Let w be m(-26). Suppose 3*d + w = -9. Give x(d).
-1
Suppose 5*d - 28 = -0*d - 2*o, -5*o - 29 = -4*d. Let x = 13 - d. Let m(l) = -7 - 23*l - 1 + l**2 + 10*l + 6*l. Calculate m(x).
-8
Let p(i) be the second derivative of i**4/6 - 29*i**3/6 + 11*i**2/2 + 1380*i. Calculate p(16).
59
Let t(h) be the first derivative of 0*h - 1/3*h**3 + 160 - 4*h**2. Give t(-7).
7
Let a(p) = -6 - 7*p - 17530*p**2 + 35057*p**2 - 17528*p**2. Calculate a(-4).
6
Let y(b) = 36004 + 2*b - 3*b**2 + 4*b**2 - 36002. Let w(g) = g**3 + g**2 - g + 4. Let i be w(0). Suppose 2*v = -2*o, i*v - o = -9 - 6. Calculate y(v).
5
Let f(c) = -32*c**3 + 51*c**2 + 101*c - 342. Let k(v) = -5*v**3 + 9*v**2 + 17*v - 57. Let u(m) = 2*f(m) - 13*k(m). Give u(16).
9
Let c(n) = 314*n - 28. Let t(z) = 78*z - 1. Let y(l) = c(l) - 4*t(l). Give y(28).
32
Let y be (-2)/(-11) + (-120)/(-66). Let n(c) = 4*c**2 - 3*c**2 + 21*c**3 + 8*c - 1 - 22*c**3 + 6*c**y. Calculate n(8).
-1
Let k(x) = x - 12. Suppose -726*r = -710*r - 79 - 81. Give k(r).
-2
Let q be 17/(-3) + 4/6. Let z be (2/(-6))/(2/(-42)). Let c(p) = 8*p**2 - p + 5*p - z*p**2 + 3*p + 5. Calculate c(q).
-5
Let x(z) = z**3 - 6*z**2 + 8. Let r(t) = -11*t**2 - 4*t**3 + 6*t**3 - 28682 + 28699. Let n(d) = -2*r(d) + 5*x(d). Give n(8).
6
Suppose l + 0*l + c = -9, 2*l + 5*c + 30 = 0. Let r(s) = -41*s**2 - 41. Let p(u) = -15*u**2 - 14. Let k(v) = 11*p(v) - 4*r(v). Calculate k(l).
-15
Let a(u) = 15*u - 3. Let o = 819 + -815. Suppose 0 = 4*d - 16, -o*m - 7*d + 6*d = -12. Give a(m).
27
Let g(c) = c + 1 - 3 - 8*c. Let w be 245/49 + (16/104 - 93/13). Determine g(w).
12
Let m(c) be the third derivative of c**9/60480 + c**7/5040 - c**6/720 - 7*c**5/12 - 23*c**2. Let n(x) be the third derivative of m(x). What is n(0)?
-1
Let y be 2/(-4 + (-60)/(-36)*3). Let i(s) = 14*s**3 + 5*s**2 - 4*s + 4. What is i(y)?
128
Suppose -26 = -44*c + 31*c. Let p(s) = -7 + 2*s**c - s**3 + 18 - 6*s**2 + 2*s**3 - 14. What is p(4)?
-3
Let z(n) be the first derivative of -n**3/3 - 5*n**2 + 34*n - 1267. What is z(-13)?
-5
Suppose 0 = 3*s + 15, 140*y + 3*s = 135*y + 4845. Let k(r) = r + 971 + y - 1927. Give k(-8).
8
Let s(j) = 23*j - 15 + 35 - 31*j + 61*j - 19. Calculate s(-1).
-52
Let p(y) = 21*y + 7. Let z be p(-2). Let r = z + 34. Let g be r*((-77)/21 - (-1)/(-3)). Let k(s) = -s**2 + 5*s - 3. Determine k(g).
1
Let k(g) = 26*g - 10. Let v be k(6). Suppose 147*u = v*u - 1. Let s(o) = o**3 - o**2 + 1. Give s(u).
-1
Let o(p) = p**3 + 5*p**2 + 7. Let i = -4198 - -4194. Determine o(i).
23
Let z(w) = 2*w + 1. Let j be (10/(-25))/(1/(-10)). Suppose 4*l + 4 - 36 = -j*n, n = 4*l - 12. Suppose 0 - n = -4*g. Determine z(g).
3
Let o(v) = -2*v + 2 - 4*v + 2*v. Let d(y) = 2*y - 1. Let q(a) = 5*d(a) + 2*o(a). Let g be (-5)/((-135)/10 + 16). Give q(g).
-5
Let b(y) be the third derivative of -y**6/120 + y**5/10 - 7*y**4/24 - y**2 + 358. What is b(7)?
-98
Let z(m) = m**2 + 8*m - 34. Let j be z(-5). Let h be 3 - ((-1)/(-7) - (-154)/j). Let k(f) = -f**2 + 7*f. Calculate k(h).
6
Let o be 19/(57/(-6)) - 18/(-1). Suppose 19*h + 41 = -o. Let m(n) be the second derivative of -n**5/20 - n**4/4 - n**3/2 + 3*n**2/2 + n. Determine m(h).
12
Let u = 59 + -57. Let j(w) = 4*w + 4 + 11*w**3 - 33*w**3 - w - u*w**2 + 21*w**3. Let q = -8 + 5. Determine j(q).
4
Let d = -15 + 14. Let m be 1/(3*d/(-9)). Suppose -4*w - 3*b + 11 = -3*w, -2*w - 5 = -m*b. Let l(p) = p**3 - 2*p**2 + 4*p - 3. What is l(w)?
5
Let m(b) be the third derivative of b**5/60 + 13*b**4/24 + 7*b**3/2 - 4630*b**2. What is m(-3)?
-9
Let l(p) = 2*p**2 - 22*p - 110. Suppose 2*o = 2*q + 4, -7*o - 4*q = 10 + 42. Determine l(o).
10
Suppose -19 = 3*d - 2*u, 0 = 2*d + 107*u - 104*u + 4. Let o(w) = -2*w**2 - 21*w - 5. Calculate o(d).
50
Let b(j) be the third derivative of -j**4/24 + 5*j**3 + 631*j**2. Calculate b(32).
-2
Let b be 4/5*105/2. Let j be 3/(b/8 - 6). Let a(y) = -2*y**2 - 6*y - 4. Determine a(j).
-12
Let y(u) be the first derivative of -3/2*u**2 + 1/2*u**4 - u + 61 - u**3. Determine y(-1).
-3
Suppose -53*f = -28*f + 98*f + 492. Let p(m) = m**3 - 3*m**2 - 7*m - 1. What is p(f)?
-85
Let u(f) be the second derivative of -156*f + f**2 - 1/3*f**4 + 0 - 1/6*f**3. Give u(1).
-3
Let l(u) = -7*u**3 + 3*u**2 + 2*u - 27. Let i(p) = -3*p**3 + p**2 + p - 13. Let h(a) = 5*i(a) - 2*l(a). Let r = 178 + -142. Let n = r + -36. Calculate h(n).
-11
Let j(o) = -37*o - 2887. Let w be j(-78). Let c(y) = -11*y + 1 + 3*y - 8*y. Give c(w).
17
Let m(k) be the first derivative of 3*k**4/4 - k**2 - 9*k + 1208. Calculate m(0).
-9
Let h(c) = c**3 - c - 4. Suppose 16*p = 85 + 235. Suppose 23*r - p*r - 3*y + 9 = 0, 2*r = y - 6. Give h(r).
-28
Let q(v) = -v**2 + 3*v**2 - 53 + 3*v**3 + 51. Let c = -36 - -22. Let s = 12 + c. Calculate q(s).
-18
Let g = -99 - -102. Let z(p) = 2*p - 7*p - 3 + g*p + p**3. Determine z(-2).
-7
Let z(o) = 8*o - 25. Let q(f) = -13*f + 29. Let j(x) = 2*q(x) + 3*z(x). Determine j(0).
-17
Let h(c) = -168041*c**2 - 82 + 168039*c**2 - 26*c - 7*c. What is h(-3)?
-1
Let h(m) = m - 9. Let k(r) = -r**3 + 33*r**2 - r + 39. Let w be k(33). Suppose -12*i = -w*i - 54. Give h(i).
0
Let s(p) = -9*p. Let z = -33 + 29. Let v be 78/(-21) - (-1)/(14/z). Give s(v).
36
Let a(c) = c**3 + 32*c**2 + 62*c + 53. Let m be 112/(4 - -12) + -37. Give a(m).
-7
Suppose 3*n = 5 + 1. Let u(l) = 9*l**2 - 8. Let k(g) = -33 + 8*g**2 + 66 - 40. Let q(x) = 6*k(x) - 5*u(x). Calculate q(n).
10
Let o be 3 + 4 + 6 + -8. Let n(j) = j**3 - 2*j**2 + 2. Let w(q) = 3*q**3 - 9*q**2 + 3*q - 3. Let x(u) = -2*n(u) + w(u). Calculate x(o).
8
Let j(v) = 9255 + 5*v + v**2 - v**3 - 4*v**2 - 18525 + 9267. Let b(p) = 5 + 3*p - 3 + 0. Let m be b(-2). Calculate j(m).
-7
Let g(h) = h**3 - 15*h**2 + 55*h - 8. Let v be g(6). Let r(n) = -2*n**2 + 12*n - 6. Let z(x) = x**2 - 11*x + 8. Let t(c) = v*r(c) - 3*z(c). Give t(-11).
10
Let h(i) = -4 + 9*i + 7*i - 7*i**2 + 2*i - 6*i. Let q(j) = -15*j**2 + 25*j - 9. Let s(k) = 13*h(k) - 6*q(k). Calculate s(5).
7
Let y(r) = r**2 + r + 7*r**2 + 3*r**2 + 70*r**3 - 13*r**2. Give y(1).
69
Let a(q) = -39*q. Let x(t) = 137*t - 3. Let y(r) = -21*a(r) - 6*x(r). What is y(6)?
0
Let z(w) be the second derivative of w**4/6 - 13*w**3/6 - 4*w**2 + 32*w - 1. Give z(7).
-1
Let c(k) = 7*k + 51. Let o be c(-7). Let l(t) = 1 + 5 + 127*t - 6*t**o - 258*t + t**3 + 134*t. Determine l(5).
-4
Let y(z) = -13*z - 149. Let j(w) = -25*w - 298. Let m(q) = 6*j(q) - 11*y(q). Give m(-31).
68
Suppose 83728 = 179*y + 83907. Let x(d) be the first derivative of -d**5/60 + d**4/24 - d**2/2 + 2. Let q(n) be the second derivative of x(n). What is q(y)?
-2
Let f be 3 + (22 - -3) + 1. Suppose 3*q - 19 = -2*q + h, -h = -3*q + 11. Suppose -p + 25 = q*v + v, -5*p = v - f. Let o(s) = -2*s + 1. Calculate o(v).
-7
Let b(k) = 23*k - 808. Let c be b(35). Let m(f) = 5*f**2 + 7. Let p(w) = 1 + 0 + 4*w**2 - w + 5. Let n(l) = c*p(l) + 2*m(l). What is n(4)?
-24
Let i(w) = w**3 + 4*w**2 - 6*w - 10. Let u(c) = -c**3 - 4*c**2 - 7*c - 7. Let n be u(-3). Suppose 0 = -4*t + 5*d - 30, n*d + 4 = -t + 9. What is i(t)?
-5
Let i(y) = y**2 - 12*y - 2. Suppose -23*a = 10723 + 3560. Let m = a + 632. Give i(m).
-13
Let w(z) = 15*z**3 + 9*z**2 + 9*z. Let x be -17*((-120)/85)/(-24). Calculate w(x).
-15
Let h(g) be the first derivative of -1/4*g**4 + 0*g**2 + 4*g - 5/3*g**3 - 174. Give h(-5).
4
Let p(v) = -4*v - 2. Let b be 3/15 + 22/(-10). Suppose 2*l = -m + 5, -4*l + 0 + 4 = -4*m. Let x be -6*l/(-3) + b. What is p(x)?
-10
Let s(c) = -c**2 - 552*c + 3339. Let d be s(6). Let q(x) = x + 13. What is q(d)?
4
Let c(f) be the second derivative of -f**3/3 + f**2/2 + 5*f. Let k(b) = b**2 + 7*b - 24. Let o be k(-9). Let v be (7 + 8)*(-2)/o. Give c(v).
-9
Let p(c) = 3*c**2 - c**3 + 67607206 + c - 67607168 + 2*c. Calculate p(5).
3
Let o = -4064 + 4066. Let m(c) = -12*c + 1. Calculate m(o).
-23
Let r(p) = p**3 + 8*p**2 + 8*p - 2. Let w = 4472 + -4479. Determine r(w).
-9
Let x(f) = -6*f**2 - f - 7. Let k(r) = -11*r**2 - r - 11. Let d(p) = 3*k(p) - 5*x(p). Let m(l) = 3*l**2 - l - 1. Let z(s) = -